{"id":94,"date":"2023-01-31T11:42:03","date_gmt":"2023-01-31T10:42:03","guid":{"rendered":"http:\/\/ichthus.fr\/wordpress\/?page_id=94"},"modified":"2025-08-26T15:08:30","modified_gmt":"2025-08-26T13:08:30","slug":"accueil","status":"publish","type":"page","link":"https:\/\/ichthus.fr\/wordpress\/","title":{"rendered":""},"content":{"rendered":"\n<p>D\u00e9couvrir, vivre ensemble, gagner en autonomie, prendre des responsabilit\u00e9s, acqu\u00e9rir des comp\u00e9tences, s&rsquo;engager, r\u00e9fl\u00e9chir aux valeurs chr\u00e9tiennes, le tout en pleine nature et par le jeu&#8230;<\/p>\n\n\n\n<p class=\"has-text-align-center\"><strong>Le scoutisme, une aventure pour la vie.<\/strong><\/p>\n\n\n\n<p>Riche de cette exp\u00e9rience, l&rsquo;\u00e9quipe p\u00e9dagogique accompagne les enfants de 6 ans \u00e0 17 ans. Ichthus compte 3 branches :<\/p>\n\n\n\n<p class=\"has-text-align-center\">Petits Aventuriers (6-9 ans) &#8211; Louveteaux (9-13 ans) &#8211; Eclaireurs (13-17 ans)<\/p>\n\n\n\n<p><\/p>\n\n\n\n<p><\/p>\n\n\n\n<p><strong>Pour plus d&rsquo;informations : <\/strong>jonathan.anais@ichthus.fr<\/p>\n\n\n\n<p><\/p>\n\n\n\n<p><\/p>\n\n\n\n<div class=\"wp-block-group is-vertical is-layout-flex wp-container-core-group-is-layout-8cf370e7 wp-block-group-is-layout-flex\">\n<p class=\"has-medium-font-size\"><strong>Dates de nos rencontres 2025-2026 :<\/strong><\/p>\n\n\n\n<div class=\"wp-block-group is-vertical is-layout-flex wp-container-core-group-is-layout-8cf370e7 wp-block-group-is-layout-flex\">\n<p><strong>20\/09<\/strong> <strong>:<\/strong> Rentr\u00e9e pour toutes les branches<\/p>\n\n\n\n<p><strong>18\/10 : <\/strong>Rencontre classique pour les Petits Aventuriers et les Louveteaux<\/p>\n\n\n\n<p><strong>18-19\/10 :<\/strong> Octobre, Op\u00e9ration Trappeur pour les Eclaireurs<\/p>\n\n\n\n<p><strong>15\/11 :<\/strong> Rencontre classique pour toutes les branches<\/p>\n\n\n\n<p><strong>06\/12 :<\/strong> Rencontre de No\u00ebl pour toutes les branches<\/p>\n\n\n\n<p><strong>17\/01 : <\/strong>15h-19h pour les Petits Aventuriers<\/p>\n\n\n\n<p><strong>17-18\/01 :<\/strong> Week-end \u00e0 St Val\u00e9ry pour les Eclaireurs<\/p>\n\n\n\n<p><strong>24-25\/01 : <\/strong> Week-end \u00e0 St Val\u00e9ry pour les Louveteaux<\/p>\n\n\n\n<p><strong>07\/02 : <\/strong>Rencontre classique pour toutes les branches<\/p>\n\n\n\n<p><strong>14\/03 : <\/strong>Rencontre classique pour toutes les branches<\/p>\n\n\n\n<p><strong>11\/04 :<\/strong> Rencontre classique pour les Petits Aventuriers et les Louveteaux<\/p>\n\n\n\n<p><strong>11-13\/04 : <\/strong> Mini camp des Eclaireurs<\/p>\n\n\n\n<p><strong>23\/05 : <\/strong>Rencontre classique pour toutes les branches<\/p>\n\n\n\n<p><strong>27\/06 : <\/strong>Rencontre classique pour les Eclaireurs<\/p>\n\n\n\n<p><strong>27-28\/06 :  <\/strong>Week-end des Petits Aventuriers et des Louveteaux<\/p>\n\n\n\n<p><strong>12-26\/07 : <\/strong>Camp d\u2019\u00e9t\u00e9 Eclaireurs (une semaine pour les Louveteaux durant cette p\u00e9riode)<\/p>\n\n\n\n<p><\/p>\n<\/div>\n<\/div>\n\n\n\n<p><\/p>\n","protected":false},"excerpt":{"rendered":"<p>D\u00e9couvrir, vivre ensemble, gagner en autonomie, prendre des responsabilit\u00e9s, acqu\u00e9rir des comp\u00e9tences, s&rsquo;engager, r\u00e9fl\u00e9chir aux valeurs chr\u00e9tiennes, le tout en pleine nature et par le jeu&#8230; Le scoutisme, une aventure pour la vie. Riche de cette exp\u00e9rience, l&rsquo;\u00e9quipe p\u00e9dagogique accompagne les enfants de 6 ans \u00e0 17 ans. Ichthus compte 3 branches : Petits Aventuriers &hellip; <\/p>\n<p class=\"link-more\"><a href=\"https:\/\/ichthus.fr\/wordpress\/\" class=\"more-link\">Continuer la lecture<span class=\"screen-reader-text\"> de &laquo;&nbsp;&nbsp;&raquo;<\/span><\/a><\/p>\n","protected":false},"author":1,"featured_media":0,"parent":0,"menu_order":0,"comment_status":"closed","ping_status":"closed","template":"","meta":{"footnotes":""},"class_list":["post-94","page","type-page","status-publish","hentry"],"_links":{"self":[{"href":"https:\/\/ichthus.fr\/wordpress\/wp-json\/wp\/v2\/pages\/94","targetHints":{"allow":["GET"]}}],"collection":[{"href":"https:\/\/ichthus.fr\/wordpress\/wp-json\/wp\/v2\/pages"}],"about":[{"href":"https:\/\/ichthus.fr\/wordpress\/wp-json\/wp\/v2\/types\/page"}],"author":[{"embeddable":true,"href":"https:\/\/ichthus.fr\/wordpress\/wp-json\/wp\/v2\/users\/1"}],"replies":[{"embeddable":true,"href":"https:\/\/ichthus.fr\/wordpress\/wp-json\/wp\/v2\/comments?post=94"}],"version-history":[{"count":23,"href":"https:\/\/ichthus.fr\/wordpress\/wp-json\/wp\/v2\/pages\/94\/revisions"}],"predecessor-version":[{"id":844,"href":"https:\/\/ichthus.fr\/wordpress\/wp-json\/wp\/v2\/pages\/94\/revisions\/844"}],"wp:attachment":[{"href":"https:\/\/ichthus.fr\/wordpress\/wp-json\/wp\/v2\/media?parent=94"}],"curies":[{"name":"wp","href":"https:\/\/api.w.org\/{rel}","templated":true}]}}